*q/(-6)?
2, 5
Let a be 1490/20 + 2/(-4). Let q = a + -35. List the prime factors of q.
3, 13
Suppose 0*k = -2*k + 236. Let q = k + -84. List the prime factors of q.
2, 17
Let u(q) = q**3 - 3*q**2 - 3*q - 4. Let l be u(4). Suppose l = 2*m - 7*m. List the prime factors of 8 + m - (3 - 3).
2
Suppose 3*q - c = 7*q - 425, -4*q = 5*c - 413. What are the prime factors of q?
107
Let w = 1 - 2. Let z(o) = -3*o + 1. List the prime factors of z(w).
2
Suppose 2*a + 36 = -r, 8*a + 3*r = 4*a - 72. Let p = -101 + a. What are the prime factors of (p/(-14))/(1/2)?
17
List the prime factors of -2*(1 + -1 + -26).
2, 13
Let k = -153 - -72. Let f = 115 + k. What are the prime factors of f?
2, 17
Let a = 4 - 2. Suppose 0 = 4*k - a*k - 6. Suppose k*b + 10 = 4*b. List the prime factors of b.
2, 5
Suppose -3*z = 2*b - 9, -5*b = 3*z - 0*z - 18. Suppose -b*q + 2 = -4. Let r = q + 5. What are the prime factors of r?
7
Suppose -78 + 183 = 5*f. Let j = -15 + f. What are the prime factors of j?
2, 3
Suppose 3*o + c + 0*c - 36 = 0, 0 = 2*o + 3*c - 31. What are the prime factors of o?
11
List the prime factors of 18/(-81) - 1120/(-18).
2, 31
Let f = -9 - -13. Suppose c = f*q - 0*q + 21, -4*q + 63 = 3*c. List the prime factors of c.
3, 7
Suppose 2 - 5 = -3*o. What are the prime factors of (6/(-21))/(o/(-7))?
2
Let h = 4 - 1. Suppose -h*p + 0*p - 3*i = -96, 128 = 4*p + 3*i. Suppose -3*t = -p - 1. List the prime factors of t.
11
Suppose -n + 2*a + 11 = 5, -4*n - 6 = 2*a. Let g(z) = z + 3. List the prime factors of g(n).
3
Suppose -2*q - 20 = 2*p, -12 = -4*p + 4*q - 52. Let a be 2/(-9) + 22/18. List the prime factors of (-3 + 2)*p*a.
2, 5
Let m be 12/(0 - 2/(-1)). Suppose -2*p - m + 16 = 0. Let d(r) = 2*r**2 - 7*r + 2. What are the prime factors of d(p)?
17
Let p = -7 + 14. Let k = p + -12. What are the prime factors of 9/15 + (-17)/k?
2
What are the prime factors of (1 - 1) + (-41)/(-1)?
41
Suppose h - 2 = j, 2*j + 10*h - 5*h = 24. Suppose 0*x + 4*x - 6 = -j*t, 3 = -3*t. What are the prime factors of x?
2
Let c be 6/4*10/3. Let r(u) = -4*u**3 + 6*u**2 - u - 1. Let y(n) = -7*n**3 + 12*n**2 - 2*n - 3. Let o(x) = c*r(x) - 3*y(x). What are the prime factors of o(6)?
2, 5
Let s(d) be the third derivative of -d**5/60 + 11*d**4/24 - d**3/2 + 13*d**2. Suppose w = -4*w + 45. List the prime factors of s(w).
3, 5
Let l = 2 - -2. List the prime factors of (l/6)/(12/126).
7
Suppose -23*v - 680 = -28*v. What are the prime factors of v?
2, 17
Suppose -k = -5*v - 22, 2 + 1 = -3*v. Let s = -30 + k. Let t = s + 21. What are the prime factors of t?
2
Suppose t = 3*t - 6. List the prime factors of t.
3
Suppose 3*o - 3 - 3 = 0. Suppose -o*g - 7 = -17. Let q(t) = -t**2 + 6*t + 2. What are the prime factors of q(g)?
7
Suppose 21 = 4*w - 7. Suppose 0 = 4*g - w*g + 45. What are the prime factors of g?
3, 5
Let x(g) = 42*g + 2. List the prime factors of x(3).
2
Let j be 0 + -10 + (2 - 1). List the prime factors of (-2 + j)*(-5 + 4).
11
Let f(d) = 2*d**2 - 3. Let v(g) = g - 1. Let u be v(4). What are the prime factors of f(u)?
3, 5
List the prime factors of (5/((-35)/7))/((-2)/412).
2, 103
Let d = 13 - -141. What are the prime factors of d?
2, 7, 11
Let k be (-284)/6 + (-6)/9. What are the prime factors of 1 + k/(-3 - 0)?
17
Let h(a) = -a**3 - 2*a**2 + a + 3. Let l be h(-3). Let p = l - -13. List the prime factors of p.
2, 11
What are the prime factors of (2016/(-49))/(3/(-21))?
2, 3
Let b = 5 - -65. List the prime factors of b.
2, 5, 7
Let l be (303/(-9))/((-3)/9). Suppose -4*p = -4*r + 108, -2*r - r = 2*p - l. Suppose -5*y - 1 + r = 0. What are the prime factors of y?
2, 3
Let r(z) = -z**2 + 16*z - 8. What are the prime factors of r(13)?
31
Let q(k) = -k**3 - 4*k**2 - 5*k - 2. Let g be q(-3). Suppose -g*w + 3*x - 14 + 106 = 0, 3*x = 0. List the prime factors of w.
23
Let q(c) = -c**2 - 12*c + 1. Let p be q(-12). What are the prime factors of 2*10*p/2?
2, 5
Let k(r) = -r - 5. Let w be k(-6). Let b(a) = 4*a + 1 - 1 - w - a. What are the prime factors of b(3)?
2
Suppose 5 = 3*a + 2*n, 0 = -4*a - 0*a + n + 3. Suppose -l + 29 = 2*x + a, 0 = 4*x + 4*l - 60. List the prime factors of x.
13
Let h(t) = t**3 + 11*t**2 - 3*t + 8. Let j be h(-11). Let r = -23 + j. List the prime factors of r.
2, 3
Let k be ((-4)/3)/(8/48). Let v = k - -14. List the prime factors of v.
2, 3
Let k = 8 - -205. List the prime factors of k.
3, 71
Suppose 84 = 3*v - 21. Let f = 59 - v. Suppose 0 = 5*a - f - 16. List the prime factors of a.
2
Let l be (1 - 1)/(0 + -1). Suppose l = x - i - 5, 0 = -5*x - 0*x - 2*i + 46. Suppose 0*f = n - f - x, 40 = 3*n + 5*f. List the prime factors of n.
2, 5
Suppose -4*l + 208 = 4*w, 5*w - 215 = 7*l - 3*l. List the prime factors of w.
47
Let p be 5/10 - 7/(-2). Suppose 8*l - p*l - 28 = 0. What are the prime factors of l?
7
Suppose -34 = 3*y + 4*h, y + h + 14 = -3*h. Let f = 10 - y. List the prime factors of f.
2, 5
Let r be 4/6 + 28/12. Suppose -4*k + 0*k - 3*s + 55 = 0, -5*s = -r*k + 34. What are the prime factors of k?
13
Suppose 0*a + 16 = 4*a. Suppose -2*d - 4*n - 4 = -n, a*d - 12 = -n. List the prime factors of ((-2)/(-3))/(d/30).
5
Suppose 0 = -t - 0 - 3. What are the prime factors of (-122)/(-8) - t/(-12)?
3, 5
Suppose -d = -2*j - 4, 8*j = -2*d + 3*j + 44. Suppose 5*w + 3*h - d = 0, -w + 4*h = 2*h - 5. What are the prime factors of w?
3
Let b(k) = k**3 + 4*k**2 + 2*k - 2. Let y be (-78)/(-9) - (-2)/6. Suppose g = -3*p - p - y, 2*g - 2 = 2*p. What are the prime factors of b(p)?
2
Suppose 2*f - 89 + 5 = 0. List the prime factors of f.
2, 3, 7
Let s = 10 - 6. Suppose -2*a - 2*j + 14 = 0, -a = -4*j + s + 4. Suppose -2*u + 12 = p + 2*u, -4*u + 48 = a*p. What are the prime factors of p?
2, 3
Suppose 24 + 20 = 2*c. What are the prime factors of c?
2, 11
List the prime factors of (0 + 7*-2)/(-2).
7
Let x = 4 + 1. Let h(l) = -4*l + 10 - 1 + x*l. What are the prime factors of h(0)?
3
Let r = 22 - 12. Suppose 5*v - 100 = -r. What are the prime factors of v?
2, 3
Let u(i) = -i**2 - 11*i + 4. Let j be u(-10). Suppose -r - w = -j, w = 4*r - 13 - 48. List the prime factors of r.
3, 5
What are the prime factors of 140/12 - 2/(-6)?
2, 3
Let v(q) = -q**2 + 7*q + 8. Suppose 0 = 4*r - r - 18. List the prime factors of v(r).
2, 7
Suppose -2*j - 3*j - 5 = 0. Let d be (-3 + 2)*9 + j. List the prime factors of d/4*(-2)/1.
5
Let u = 6 - 4. Let o be u/(-9) + 277/(-9). Let n = -10 - o. List the prime factors of n.
3, 7
Let t = 4 - 5. Let s = t + 4. Suppose -s*v + 20 = -v. What are the prime factors of v?
2, 5
Suppose 0 = -n - 6 + 56. What are the prime factors of n?
2, 5
Let w = -67 - -120. What are the prime factors of w?
53
Let w = -14 - -18. What are the prime factors of 42/w - (-6)/(-12)?
2, 5
Let v(h) = 8*h**2 + 3*h + 1. List the prime factors of v(-2).
3
Let o(g) = g**2 - 6*g + 3. Let p be o(5). What are the prime factors of 186/24 + p/(-8)?
2
Suppose 16*f - 880 = 6*f. List the prime factors of f.
2, 11
Let c(x) = -9*x - 4. Let q be c(16). Let p = -97 - q. What are the prime factors of p?
3, 17
Let b = -4 - -12. What are the prime factors of 1 + -1 + b/1?
2
Let i(f) = f + 4. Let o be i(3). Suppose 2*w - w = o. Suppose 0 = d - w. What are the prime factors of d?
7
Suppose -7 = -2*w - 1. Let q = w + 3. Suppose 2*y - 16 = -2*b, y - q*b = -5*b + 4. List the prime factors of y.
2, 3
Suppose -i - 5*v = -22, 5*i - 4*v = -3*v + 6. Let o(l) = -7 + 4 + l**i + 10 - 5*l. What are the prime factors of o(5)?
7
Let d(h) = -13*h. Let g(t) = 12*t. Let s(y) = -2*d(y) - 3*g(y). Let i be s(1). What are the prime factors of 35*((-24)/i + -2)?
2, 7
Suppose 5*s = -0*s. Let f(l) = s*l + 0*l + 2*l - 3. What are the prime factors of f(4)?
5
Suppose -3*z = -4*f - 0*z + 15, 2*z = -10. List the prime factors of 69/3 - (-3 + f).
2, 13
Let w be (-2)/(-10) + (-22)/10. Let i be 2*((-5)/w + -2). Suppose -2*j + 17 = -i. List the prime factors of j.
3
Let s = -45 + 148. List the prime factors of s.
103
Suppose -3*f + 12 = 3*c, 5*f - 24 = 2*c - 3*c. Let w = f + -3. List the prime factors of w.
2
Suppose -g - 8 = -5*g. Suppose -i - 37 = g*p, -i - 90 = 2*i - p. Let k = 43 + i. What are the prime factors of k?
2, 3
Let b = -63 + 34. Let f = 21 + -24. List the prime factors of (-3)/(-9) + b/f.
2, 5
Suppose -5*g + 0*w = 3*w + 40, w - 5 = 2*g. List the pri